t f(o) = 58*o + 317. What is the remainder when 1805 is divided by f(-2)?
197
Let f be (-30)/4*336/(-5). Suppose -2*a = k - 128, a + f = 4*k + 5*a. Calculate the remainder when k is divided by 18.
16
Suppose -s - x - 3 + 9 = 0, -4*s = -5*x - 15. Suppose -i + 2*u = -2, 5*u + 1 - s = i. What is the remainder when 70 is divided by i?
4
Suppose 12341*g - 19987 = 12318*g. What is the remainder when g is divided by 211?
25
Let q = -9663 + 9763. What is the remainder when 997 is divided by q?
97
Let l = 81 - 25. Let n(g) = g + 38. Let x(i) = i**3 + 2*i**2 - 2*i - 6. Let y be x(-3). Calculate the remainder when l is divided by n(y).
27
Suppose 2*b - 246 = -26. Let i = -13 - b. Let n = i + 230. What is the remainder when n is divided by 27?
26
Suppose -5*u + 1525 = 5*s, 4*u - 221 = 2*s + 975. Let k = -283 + u. Calculate the remainder when 107 is divided by k.
17
Let o(v) = 37*v + 9441. Calculate the remainder when o(-110) is divided by 24.
19
Let r(j) = 5*j + 31. Let o = 35 + 77. What is the remainder when o is divided by r(0)?
19
Let u(z) = 12*z**2 + 15*z - 13*z**2 - z**2 - 63 + 19*z. What is the remainder when u(13) is divided by (1*45 - 1)/2?
19
Let u be 5/(-20) + 52/16. Let b be (1 - (u + 24))/(1 + -3). Suppose -b*m - 104 = -21*m. Calculate the remainder when 25 is divided by m.
12
Let f = 453 - -2712. Suppose 19*j - 2174 = f. What is the remainder when j is divided by 58?
49
Suppose -4*m - 42*m = 296*m - 8550. Calculate the remainder when 84 is divided by m.
9
Suppose -3*k - 2*u + 128 = 0, -3*u + 4 = -8. What is the remainder when k is divided by (22/6)/(5/15)?
7
Suppose r + 3*r - 392 = 0. Calculate the remainder when r is divided by (-1 + ((-228)/(-10))/(-19))*15/(-1).
32
Let o = 170 - 75. Let n(x) = -x**3 - 2*x**2 - x - 1. Suppose -5*p - 7*j = -5*j + 11, 0 = 2*p + j + 4. What is the remainder when o is divided by n(p)?
7
Let r = 7796 + -7681. What is the remainder when 135 is divided by r?
20
Suppose -156 - 388 = 8*s. What is the remainder when 13 is divided by (-11)/(-1) - s/(-17)?
6
Suppose -2*y = 3*q - 94, y - 5*q = 6 + 41. Suppose 2*f - 7*f = -5*i - 610, -642 = -5*f - 3*i. What is the remainder when f is divided by y?
32
Suppose 0 = 2*o + 2435 - 2443. Calculate the remainder when 418 is divided by o.
2
Suppose 95 = 6*i - i. Suppose i + 5 = v. Suppose -n = -26 + v. What is the remainder when n is divided by 1?
0
Let c = -2662 - -3140. Calculate the remainder when c is divided by 147.
37
Let k(h) = -738*h**3 - 12*h - 13. Calculate the remainder when k(-1) is divided by 11.
0
Let w be (9 + -8)/((-2)/18). Suppose -10*u = -19*u + 117. What is the remainder when u is divided by ((-42)/w)/((-4)/(-6))?
6
Let l(w) = 3*w**3 + 2*w**2 + 32*w - 35. What is the remainder when 994 is divided by l(1)?
0
Let m(o) = 62*o - 115. Let a = -11 - -12. Suppose -a = -l + 31. Calculate the remainder when l is divided by m(2).
5
Let s = 23097 - 21506. Calculate the remainder when s is divided by 5.
1
Suppose -28*w + 11296 = -16620. Calculate the remainder when w is divided by 23.
8
Let i be 10 + -5 - (-181 + 0). Suppose 5*m + 1625 = 5*g, i + 133 = g + 5*m. What is the remainder when g is divided by 82?
78
Let i = 1 - -1. Suppose -5*l + 99 = q, 4*q + i*l - 85 = 257. What is the remainder when 332 is divided by q?
80
Let j = 2363 + -2306. Calculate the remainder when 752 is divided by j.
11
Suppose 11 = -m + 2*w + 23, 2*m - 3*w = 20. Calculate the remainder when 110 is divided by 14/56 + 83/m.
5
Let u(z) = -5*z**2 - 11*z - 29. Let r be u(-9). What is the remainder when 79 is divided by -1 - r/8 - 85/(-680)?
38
Calculate the remainder when 1413 is divided by 6232/96 + 7/84.
48
Let r = -231 + 235. What is the remainder when 55 is divided by -3 + 3 + r + 6?
5
Let a be (-7)/((-21)/12) + -12. What is the remainder when (4/a)/((-1)/78) is divided by -12 + 11 + (2 + -4 - -13)?
9
Let u = -47 + 35. Let a = 17 - u. Suppose s = -a + 34. What is the remainder when 12 is divided by s?
2
Let z = 642 - 522. What is the remainder when 327 is divided by z?
87
Let j(x) = -2324*x + 165. Calculate the remainder when j(-3) is divided by 35.
32
Let i(l) = -45*l. Let p = -24 - -25. Let a be i(p). Let y = a + 69. Calculate the remainder when 117 is divided by y.
21
Calculate the remainder when 850 is divided by (1 + (-13)/6)/(18 + (-2170)/120).
10
Calculate the remainder when (-42)/(-315) - (-1 - (-1138)/(-15)) is divided by 8.
5
Suppose -99*r - 78*r + 77*r = -1400. Calculate the remainder when 15410 is divided by r.
10
Let h(v) = -v**3 + 8*v**2 + 1. Calculate the remainder when (55/(-20))/((-3941)/(-1316) - 3) is divided by h(4).
62
Let p be (4 - (-10)/(2 - 4)) + 6. Let f(m) = -47*m**3 - m**2 - 2*m - 1. What is the remainder when f(-1) is divided by 90/(15/p) + -5?
22
Suppose m - 2*l - 17 = l, l + 19 = 3*m. Suppose 0 = -409*f + 16975 - 206. What is the remainder when f is divided by m?
1
Let q(n) = n + 1. Let v be q(-1). Suppose -11 + v = -k. Let z = k + 14. What is the remainder when 71 is divided by z?
21
Suppose 124*d + 634 = 3238. What is the remainder when 524 is divided by d?
20
Suppose 7*b - b = 60. Suppose 38*j - 41 = -3*u + 34*j, 0 = -3*u - 2*j + 49. What is the remainder when u is divided by b - (0/(-4) + -1)?
8
Suppose -139*t + 144*t - 1500 = 0. Suppose -129*d + t = -126*d. What is the remainder when d is divided by 17?
15
Let y = -278 + 783. Suppose -4*q = -5*v + 337 + 526, -3*v - 4*q = -y. Suppose -27*m = -25*m - 70. Calculate the remainder when v is divided by m.
31
Let x = 13 - 49. Let k(z) = -67*z + 26. Let s be k(-2). Let v = x + s. Calculate the remainder when v is divided by 25.
24
Suppose 61*j = 60*j + 4. Suppose -d + 12 = m, -j*m - 5*d + 10*d = -75. Suppose 2*h = h + m. Calculate the remainder when 89 is divided by h.
14
Let v(k) be the third derivative of -29*k**4/24 - 95*k**3/3 - 3*k**2 - 22*k. What is the remainder when 84 is divided by v(-7)?
6
Calculate the remainder when (7 + 1031 - -15)/((-3)/(-2)) is divided by 44.
42
Let v(k) = 2*k**3 + 3*k**2 + 5*k + 3. Let b(q) = 4*q**3 + 5*q**2 + 11*q + 6. Let s(z) = -4*b(z) + 9*v(z). What is the remainder when 169 is divided by s(-3)?
7
Suppose -576 + 306 = -3*a - 3*c, 3*a - 265 = -2*c. Calculate the remainder when a is divided by 44.
41
Let u = -7 - -13. Let o(k) = -k**3 + 7*k**2 - 2*k - 6. Let y = -2053 + 2064. What is the remainder when o(u) is divided by y?
7
Let l = -58 - -138. Suppose -3*b = 5*t - l, 43 = 2*b - t - 19. Suppose -c + b = 5*i + c, 5*i = -5*c + 45. What is the remainder when 9 is divided by i?
1
Suppose 8*k - 7*k = 13. Let v = k - 1. Calculate the remainder when (-66)/8*(-80)/v is divided by 19.
17
Suppose 0*l - 4*l = s + 150, -5*l = -5. Let f = 216 + s. What is the remainder when f is divided by 21?
20
Let h(f) = 69*f - 5. Suppose 0 = g - 66 + 51. Let z be h(g). Suppose -5*b + 0*b + 4*k = -1015, -k - z = -5*b. What is the remainder when b is divided by 42?
39
Let x be (1145/(-15))/((-5)/15). Suppose 49 + x = 5*d + 2*q, 0 = -3*d + 3*q + 150. Calculate the remainder when d is divided by 10.
4
Let k = -5357 + 5704. What is the remainder when k is divided by 346?
1
Suppose -12*g - 1 - 23 = 0. What is the remainder when (-86*(-3)/(-12) - 6)*g is divided by 28?
27
Let i be 11*((5 - 2) + 23). Suppose -i = -14*z + z. Let f(n) = n**3 - 5*n**2 + 6. Calculate the remainder when f(6) is divided by z.
20
Suppose 68*x - 140413 = -23*x. Calculate the remainder when x is divided by 119.
115
Calculate the remainder when (1356/(-30))/(4/(-4620)) is divided by 83.
82
Suppose -15*t - 92432 = 33*t - 281888. What is the remainder when t is divided by 59?
53
Suppose -32835 = -199*f + 12338. What is the remainder when 3629 is divided by f?
224
Suppose -30*z + 28*z + 28 = 0. Let y(t) = 2*t**2 - 20*t - 21. Let k be y(16). Suppose -7*c + k + 200 = 0. Calculate the remainder when c is divided by z.
11
Let a(o) = 4*o**2 - o - 11. Suppose -12*z - 15 = -17*z. Suppose -3*x - 3*q = 12, x + q = z*q - 1. Calculate the remainder when 78 is divided by a(x).
22
Let a = -91 - -95. Suppose -a*m + 27 = 3. Calculate the remainder when 32 is divided by m.
2
Suppose -m - q = m - 57, 5*m + 2*q = 144. Suppose -3*r + m = -5*i + 6, 0 = -4*i. What is the remainder when r is divided by 5?
3
Let x(k) = 13*k**3 - 492*k**2 - 73*k - 84. What is the remai